= 184*g**3 + 32*g**2 + 25*g - 404. Is v(13) a prime number?
False
Let g = -23024 + 39103. Let t = -4810 + g. Is t a composite number?
True
Let u(v) be the first derivative of v**4/2 + 7*v**3/3 - 11*v**2 - 10*v + 216. Is u(9) a composite number?
True
Let j be -57*(-2)/12 - 2/(-4). Suppose 0 = 6*g - 1671 - 3645. Suppose -12*m + g = -j*m. Is m a composite number?
False
Let l = -75 - -72. Let a be (1 + -6)/(2 + l). Let o(x) = 140*x - 21. Is o(a) a composite number?
True
Let p be (-1)/(2*5/(-40)). Let d(l) = 785*l + 15. Is d(p) a prime number?
False
Suppose 78 = 24*p + 6. Suppose -4*f - 4 = 0, 0 = -h + p*h + 4*f - 25906. Is h prime?
False
Let v(f) = -9510*f + 2647. Is v(-34) a composite number?
False
Let l(q) be the third derivative of q**6/120 + 2*q**5/5 - q**4 - 4*q**3 - 54*q**2 + 2*q. Is l(-19) a composite number?
False
Let a = 49 - -19. Suppose 64*v = a*v + 44. Let m(t) = -t**3 - 12*t**2 - 15*t - 7. Is m(v) a composite number?
False
Let o = 75 - 328. Let i = o + 438. Is i a composite number?
True
Suppose 0 = -5*i - 10, r - i = 4*i + 14. Suppose -2*v = -r*v - 36. Is 158/(-2)*(v - -17) composite?
False
Suppose -4*x + 35440 = -5*j - 29448, 3*x - 48639 = -3*j. Is x a prime number?
True
Let r(x) be the first derivative of 8*x**3/3 - 2*x**2 - 5*x + 37. Suppose u - 2 = 2*v, v - 2*v - 3*u - 15 = 0. Is r(v) a composite number?
False
Suppose 3*y + 2*h = 5*y - 28, 56 = 4*y + 2*h. Let c = -16 + y. Is c/(-11) - 67375/(-121) prime?
True
Let f = -197 + 280. Let c(w) = -58*w + 1 - f*w + 3. Is c(-1) a prime number?
False
Let v be 3 - (-2)/((-4)/(-114)). Let t be 12/v - (-62)/(-10). Is 1637/3 + 4/t a prime number?
False
Let d be (-10)/(-4)*(-16)/(-20). Suppose -c + 3*m = -m - 1055, 3*m + 2130 = d*c. Suppose -295 = 4*j - c. Is j prime?
False
Let o be 668*(0 + (-1)/(-2)). Suppose 498 = 2*f - 5*q, 4*q + o = 2*f - 168. Is f composite?
True
Let a be (785/(-15))/((-1)/201). Suppose -a = -3*x - 1738. Is x a prime number?
True
Let h = -30 - -38. Suppose -h*a + 959 = -a. Let w = 264 - a. Is w prime?
True
Let f be (-1 + (-10)/(-4))*(-176)/(-66). Suppose 23523 = 17*h - 14*h - 3*b, -f*h - 4*b = -31364. Is h composite?
False
Suppose -15*o = -2*o. Is (-7 + 6)/((o + 1)/(-4783)) prime?
True
Let x(w) = -3*w**3 - 36*w**2 + w + 545. Is x(-28) composite?
False
Let m = -238713 - -415340. Is m a composite number?
True
Suppose -9*k = -2*k - 14. Suppose 5*h - 4453 = -k*n, 4*n - 3*n = 5*h + 2234. Is n composite?
True
Suppose 2*w + 5*l - 1048758 = 0, 0 = 4*w + 2*l - 1092828 - 1004656. Is w a prime number?
True
Let u(l) = -785*l**3 + 5*l**2 - 72*l - 611. Is u(-11) a prime number?
True
Let t(f) = -114 + 426*f + 75 - 110 - 544*f - 602*f. Is t(-30) composite?
True
Suppose -2*m + 0*m + 30720 = 4*r, 4*m = r + 61485. Suppose 0 = -24*f + 14*f + m. Is f prime?
False
Let y(c) = -c**3 - 5*c**2 - 4*c - 7. Let b be y(-7). Let t = -117 + b. Suppose -i + 0*m = -2*m - 1355, 5*m = t*i - 2707. Is i a composite number?
False
Let w be (11 - 95/10)/((-3)/(-22)). Is (21955/(-15))/(w/(-33)) a prime number?
True
Suppose 0*l + p = -2*l + 151, -3*l - 3*p + 234 = 0. Let s = 71 - l. Is 0 + -2 + 787 + (0 - s) a prime number?
True
Let o(z) = 15*z**2 + 21*z + 55. Let c be o(27). Suppose -3*b + 6*b = 4*a + c, 4 = -a. Is b a prime number?
True
Suppose -3*s - 2*m = -867, -5*s + m + 1445 = 2*m. Suppose -5*l = 91 + s. Let x = 155 + l. Is x a prime number?
True
Suppose -28*s + 482265 = -7*s. Let a = -16160 + s. Is a prime?
False
Suppose -5*b = -5*t - 17810, 4*b + 1239*t - 1235*t - 14208 = 0. Is b composite?
False
Suppose -6*r + 235 + 54044 + 40863 = 0. Is r composite?
True
Let c = -61646 + 104313. Is c a prime number?
True
Let j(r) = -188*r - 4*r + 73 - 246*r. Is j(-6) a prime number?
False
Suppose 25 = 5*s, -y + 2*s - 40 = 2*y. Let m(i) = 95*i**2 + 8*i + 25. Is m(y) a composite number?
True
Let l(z) = -4*z**3 - 9*z**2 - 2*z + 5. Let a = 41 - 41. Let x be (2 - a)/((-7)/21). Is l(x) composite?
False
Suppose -11188 = 12*a - 47992. Is a composite?
False
Is (-10 - -351591 - 16) + -2 a prime number?
True
Suppose -34*u + 1848 = -48*u. Let f = 251 + u. Is f a composite number?
True
Suppose 5*k + 76006 = 2*z, 2*k = -4*z + 154177 - 2093. Is z a prime number?
False
Let j = -30 - -131. Suppose 38041 = 5*z + 4*l, -5*z + 99*l = j*l - 38043. Is z a composite number?
True
Let a(s) = -s**2 + 32*s + 46. Let z be a(33). Suppose z*v - 1037 = 432. Is (5 + 12/(-3))*v prime?
True
Let g(c) = -2143*c**3 + c + 1. Let x = -41 + 40. Let f be g(x). Suppose 2*h + 233 = f. Is h a composite number?
True
Suppose 4*l - p - 10 = 0, -3*p = -l - 3*l + 6. Let r(d) = -d**3 + 8*d**2 - 9*d + 22. Let x be r(5). Suppose 393 = l*q - 2*w + x, w + 114 = q. Is q composite?
False
Let o(f) = 2053*f**2 - 16*f - 289. Is o(16) composite?
True
Suppose 2*o + 14 = 16*o. Let d be (-5)/((o + 0)/(-1)). Suppose -3*t + 2*v + 11760 = t, d*v = 4*t - 11766. Is t a prime number?
True
Suppose 26*j + 507804 = 4*j. Is (j/4)/((-54)/36) composite?
False
Let k(l) = 204*l**3 - 19*l**2 - 37*l + 151. Is k(10) prime?
True
Suppose -4*y + 26742 = -56406. Suppose 0 = -27*t + 25*t - 5*b + y, -20780 = -2*t + 2*b. Is t prime?
True
Suppose -d = 3*d. Suppose 5*x + n - 18 = 0, d = -0*x + 4*x + 2*n - 18. Suppose 0 = 6*v - x*v - 2337. Is v composite?
True
Suppose -19*k - 126 = 83. Let z(y) = 6*y**3 + 16*y**2 + 16*y - 9. Let f(q) = -q**3 + 1. Let v(g) = -4*f(g) - z(g). Is v(k) prime?
True
Suppose -4*k = 0, 18*r - k - 12 = 16*r. Suppose -r*h + 3*h - 4*b = -8245, 4*b = 2*h - 5470. Is h a prime number?
False
Suppose -2*t + 5*y = -t - 218, -5*t + y + 970 = 0. Let a(j) = 4*j**3 + 29*j**2 - 8*j + 2. Let l be a(-7). Let o = t - l. Is o a composite number?
True
Let f(q) be the second derivative of 7*q**5/4 + q**4/4 - 7*q**2/2 + 5*q - 5. Is f(4) composite?
False
Suppose 2502580 = 17*i + 13*i - 10*i. Is i a composite number?
True
Suppose -352365 = 41*x - 2*x. Let f = -3712 - x. Is f a prime number?
True
Suppose 8359 = 3*c + 319. Let k = -827 + c. Suppose -5*h + 4697 = -2*n - 4542, h - k = 3*n. Is h composite?
False
Suppose 4*v = 6*v - 6. Suppose -v*b + n = -23, -4*b + 0*n = -2*n - 30. Suppose 0 = -b*z + 6*z + 254. Is z prime?
True
Let p be 292/(-42)*39 + 2/14. Let z = p - -572. Is z prime?
False
Suppose 11*y = 6*y. Let n(h) = -h**3 + 9045. Let f be n(y). Is 1/(-4) + f/36 prime?
True
Let b(m) = -m**3 - 12*m**2 + 45*m. Let k be b(-15). Suppose 3*u + 5*i - 32056 = k, -13*u + 5*i + 42753 = -9*u. Is u composite?
False
Let t(d) = 2*d**3 + 17*d**2 - 9*d + 5. Let j be t(-9). Suppose 4*c = 8*c - j*s - 22581, -s = 3*c - 16912. Is c a prime number?
True
Let w(d) = 2*d**2 + 17*d - 2. Let q(u) = -u**2 + 3*u + 1. Let i be q(6). Let v be w(i). Suppose 3*f - 366 = -5*x, v - 43 = 2*f - 3*x. Is f a prime number?
False
Suppose -6*u - 8981 = -129893. Suppose q = -3*q + u. Let a = q - 3381. Is a a prime number?
True
Let a = 9242 + 561749. Is a composite?
False
Let s(u) = u**3 + 9*u**2 + 8*u + 3. Let p be s(-8). Suppose g = -a + 11, -1 = p*a - 4. Is (1 + 1)/(0 - g/(-3695)) prime?
True
Suppose 3*x - 5*l - 19 - 3 = 0, -4*x + 2*l = -20. Let o be (-9)/(-2)*(-2 - (-40)/15). Suppose 0 = o*s - x*s + 1861. Is s a composite number?
False
Suppose 0 = -x - 4*d + 3340, 0 = -2*x + 3*x - 4*d - 3316. Let s(w) = 20*w**2 - 4*w + 5. Let u be s(-7). Suppose -x + u = -r. Is r a prime number?
False
Suppose 6*d - 8 = -w + d, -w + 3*d = 0. Let t(h) = 103*h - 3. Let u be t(w). Let b = u - 95. Is b composite?
False
Let c(w) = 373*w**3 - 2*w. Let m(j) = -j**3 - j**2 + j + 1. Suppose -8*u - 14 = -6. Let o(x) = u*c(x) - 2*m(x). Is o(-1) a prime number?
False
Suppose -26*w + 7*w = -31882. Let j = -737 + w. Is j prime?
True
Let f be -2 + ((-6)/(-2) - 539/7). Let d = f - -12079. Is d prime?
False
Let k be (-2)/(-3 - (-32)/12). Suppose 0 = 5*y + 4*t - 23881, -3*y + k*t - 2*t = -14335. Is y prime?
False
Let w(z) = -z**2 + 37*z + 80. Let c be w(39). Suppose -16*g - 2*t = -12*g - 3634, 0 = 3*g + c*t - 2727. Is g a composite number?
False
Let a = -10811 - -18288. Is a prime?
True
Suppose 11047 = 2*i - g, 7*g = 4*i + 2*g - 22079. Let o = 8508 - i. Suppose -3*k + 2231 = n, 0 = -4*k - n - 4*n + o. Is k prime?
True
Let i be 4 + -4 + 12/(-4) + 5. Suppose 2*d - 4068 = -u - 3*d, 3*d = i*u - 8123. Is u composite?
True
Suppose 4*q = -5*x + 87, -4*q + 5*x - 105 = -9*q. Suppose 2